base 10?
-1
Convert -2d (base 14) to base 3.
-1112
Convert -5 (base 12) to base 16.
-5
1d (base 15) to base 8
34
Convert -7 (base 13) to base 7.
-10
Convert 4 (base 10) to base 15.
4
What is -120 (base 3) in base 15?
-10
What is -15 (base 8) in base 12?
-11
-1 (base 5) to base 15
-1
21 (base 3) to base 15
7
What is -38 (base 11) in base 4?
-221
-6 (base 11) to base 10
-6
What is -282 (base 9) in base 12?
-178
-4 (base 7) to base 3
-11
Convert 1111 (base 2) to base 7.
21
What is 0 (base 15) in base 14?
0
0 (base 11) to base 2
0
What is 24 (base 13) in base 2?
11110
What is 3 (base 7) in base 9?
3
What is -3 (base 14) in base 9?
-3
What is 0 (base 16) in base 12?
0
Convert -1 (base 14) to base 2.
-1
151 (base 13) to base 7
454
-100 (base 2) to base 16
-4
Convert 100000010 (base 2) to base 3.
100120
-3 (base 8) to base 12
-3
What is 11010 (base 3) in base 13?
87
-34 (base 9) to base 8
-37
What is -8c (base 16) in base 5?
-1030
What is 111 (base 4) in base 15?
16
What is 1 (base 4) in base 10?
1
Convert -5d (base 14) to base 12.
-6b
-1a5 (base 14) to base 5
-2331
-211 (base 11) to base 7
-512
Convert 4 (base 7) to base 11.
4
What is f (base 16) in base 13?
12
-10001 (base 2) to base 8
-21
Convert -1 (base 6) to base 11.
-1
-3 (base 10) to base 3
-10
Convert 41 (base 14) to base 4.
321
Convert -3 (base 8) to base 15.
-3
What is 1d (base 14) in base 16?
1b
Convert -52 (base 10) to base 13.
-40
1 (base 9) to base 16
1
-10 (base 3) to base 12
-3
Convert 13 (base 8) to base 3.
102
281 (base 11) to base 2
101001011
-b9 (base 16) to base 9
-225
What is -2 (base 13) in base 9?
-2
-3 (base 12) to base 16
-3
Convert -236 (base 7) to base 6.
-325
Convert 48 (base 13) to base 15.
40
What is -1000 (base 2) in base 8?
-10
Convert -10 (base 5) to base 12.
-5
What is -10323 (base 4) in base 3?
-102200
101 (base 4) to base 6
25
What is 101 (base 2) in base 7?
5
What is 3 (base 14) in base 2?
11
Convert -c (base 13) to base 10.
-12
What is -c6 (base 14) in base 13?
-105
What is 10 (base 15) in base 11?
14
Convert -4 (base 11) to base 4.
-10
-47 (base 9) to base 15
-2d
What is 217 (base 13) in base 14?
1b8
Convert 10 (base 16) to base 6.
24
Convert 43 (base 6) to base 7.
36
What is -120 (base 4) in base 2?
-11000
What is -5 (base 13) in base 16?
-5
-12 (base 3) to base 10
-5
Convert -7 (base 16) to base 8.
-7
-11 (base 3) to base 15
-4
What is -1 (base 11) in base 8?
-1
What is 1211 (base 3) in base 14?
37
-103 (base 5) to base 13
-22
Convert -2 (base 14) to base 13.
-2
What is 25 (base 11) in base 14?
1d
Convert -1 (base 6) to base 7.
-1
a (base 16) to base 2
1010
What is 1a (base 16) in base 11?
24
What is 1 (base 14) in base 6?
1
10 (base 9) to base 14
9
What is -1 (base 11) in base 7?
-1
13 (base 15) to base 5
33
What is 64 (base 16) in base 13?
79
26 (base 9) to base 10
24
221 (base 4) to base 9
45
What is -201 (base 4) in base 11?
-30
Convert -a (base 15) to base 11.
-a
-13 (base 12) to base 8
-17
Convert -11 (base 8) to base 2.
-1001
4 (base 14) to base 7
4
What is -1 (base 7) in base 4?
-1
Convert 222 (base 4) to base 16.
2a
-435 (base 6) to base 11
-142
Convert 1110 (base 2) to base 4.
32
Convert 10000 (base 2) to base 16.
10
Convert -102 (base 4) to base 8.
-22
110 (base 5) to base 13
24
Convert 3 (base 10) to base 7.
3
Convert 101 (base 2) to base 11.
5
What is 52 (base 9) in base 3?
1202
Convert 36 (base 14) to base 5.
143
Convert -25 (base 14) to base 5.
-113
What is 14 (base 7) in base 15?
b
Convert -11 (base 3) to base 5.
-4
What is -7 (base 12) in base 13?
-7
What is 52 (base 9) in base 15?
32
What is 1011 (base 2) in base 13?
b
2000 (base 3) to base 16
36
4 (base 8) to base 16
4
-3 (base 8) to base 2
-11
What is -64 (base 15) in base 16?
-5e
Convert 1a2 (base 14) to base 13.
200
-19 (base 14) to base 7
-32
What is 7a (base 11) in base 14?
63
10 (base 2) to base 11
2
Convert 0 (base 5) to base 13.
0
What is -461 (base 8) in base 5?
-2210
Convert 110 (base 2) to base 4.
12
461 (base 8) to base 10
305
What is 4 (base 8) in base 4?
10
-65 (base 7) to base 12
-3b
Convert 2 (base 4) to base 12.
2
What is 17 (base 16) in base 9?
25
-267 (base 10) to base 14
-151
-62 (base 9) to base 10
-56
What is -1 (base 7) in base 2?
-1
What is -4 (base 9) in base 7?
-4
What is 110211 (base 3) in base 8?
532
Convert -4 (base 7) to base 5.
-4
What is 53 (base 9) in base 3?
1210
Convert 16 (base 8) to base 5.
24
-3 (base 10) to base 4
-3
What is 15 (base 13) in base 6?
30
What is 10 (base 5) in base 4?
11
Convert 9 (base 13) to base 3.
100
What is -73 (base 11) in base 5?
-310
Convert 1a (base 12) to base 2.
10110
Convert -23 (base 13) to base 6.
-45
Convert 2 (base 15) to base 11.
2
Convert -32 (base 4) to base 9.
-15
Convert 10101 (base 3) to base 6.
231
What is 1 (base 10) in base 14?
1
What is 4 (base 13) in base 7?
4
Convert -30 (base 5) to base 13.
-12
-3 (base 9) to base 15
-3
What is 4 (base 15) in base 7?
4
What is -1ba (base 13) in base 5?
-2242
2 (base 15) to base 14
2
What is 311 (base 8) in base 5?
1301
What is 3 (base 5) in base 11?
3
What is -10111 (base 2) in base 6?
-35
Convert 226 (base 7) to base 12.
9a
What is 5 (base 16) in base 3?
12
Convert 230 (base 6) to base 13.
6c
Convert 3 (base 9) to base 11.
3
Convert 1 (base 2) to base 4.
1
8 (base 16) to base 11
8
What is 5 (base 15) in base 2?
101
What is -2b (base 12) in base 3?
-1022
Convert 1 (base 7) to base 12.
1
-7 (base 10) to base 5
-12
What is -a9 (base 12) in base 10?
-129
What is 3 (base 11) in base 4?
3
What is -1330 (base 4) in base 6?
-324
-a (base 13) to base 9
-11
11 (base 11) to base 6
20
-1 (base 11) to base 5
-1
Convert -1101 (base 3) to base 6.
-101
What is -a (base 15) in base 3?
-101
-29 (base 11) to base 9
-34
4 (base 12) to base 7
4
Convert -3 (base 12) to base 15.
-3
What is -2230 (base 4) in base 2?
-10101100
What is -33 (base 9) in base 11?
-28
Convert 5 (base 9) to base 13.
5
What is 11 (base 11) in base 3?
110
Convert -17 (base 11) to base 4.
-102
Convert 64 (base 14) to base 16.
58
-10 (base 3) to base 6
-3
Convert 13 (base 16) to base 6.
31
Convert -45 (base 16) to base 6.
-153
What is 45 (base 9) in base 15?
2b
5 (base 6) to base 7
5
-100 (base 4) to base 8
-20
Convert 5 (base 13) to base 14.
5
What is 125 (base 6) in base 11?
49
Convert -c3 (base 13) to base 5.
-1114
Convert -1 (base 4) to base 9.
-1
Convert -331 (base 6) to base 16.
-7f
-7 (base 14) to base 4
-13
Convert a (base 11) to base 2.
1010
What is -3 (base 14) in base 10?
-3
What is -12 (base 3) in base 6?
-5
What is -101 (base 2) in base 11?
-5
36 (base 16) to base 14
3c
What is 443 (base 5) in base 15?
83
What is -49 (base 11) in base 13?
-41
Convert -10 (base 2) to base 7.
-2
5 (base 14) to base 11
5
What is -1010000 (base 2) in base 5?
-310
-5 (base 8) to base 10
-5
What is 43 (base 11) in base 6?
115
-3b (base 14) to base 11
-49
What is -32 (base 12) in base 6?
-102
What is -3 (base 12) in base 8?
-3
3 (base 13) to base 8
3
Convert -222 (base 3) to base 16.
-1a
Convert 10 (base 3) to base 4.
3
Convert 0 (base 13) to base 12.
0
Convert 1 (base 2) to base 6.
1
Convert 128 (base 10) to base 8.
200
Convert -34 (base 10) to base 7.
-46
1000 (base 2) to base 3
22
Convert -9 (base 13) to base 7.
-12
-2 (base 12) to base 7
-2
What is -22 (base 16) in base 4?
-202
Convert -12 (base 9) to base 5.
-21
What is 79 (base 10) in base 11?
72
121 (base 12) to base 9
207
What is 160 (base 16) in base 6?
1344
-10 (base 6) to base 13
-6
Convert -7 (base 15) to base 12.
-7
What is -1 (base 13) in base 5?
-1
2 (base 7) to base 4
2
-12 (base 3) to base 13
-5
What is 3 (base 10) in base 2?
11
-b5 (base 12) to base 4
-2021
Convert -18 (base 13) to base 9.
-23
Convert -17 (base 16) to base 11.
-21
3 (base 6) to base 14
3
Convert -2 (base 16) to base 14.
-2
What is -c5 (base 14) in base 15?
-b8
What is 10 (base 16) in base 15?
11
Convert 4 (base 15) to base 10.
4
What is 1110 (base 2) in base 7?
20
2 (base 4) to base 2
10
Convert -2 (base 9) to base 15.
-2
Convert -11010 (base 3) to base 5.
-421
Convert 7 (base 15) to base 5.
12
110 (base 2) to base 16
6
What is -223 (base 6) in base 7?
-153
What is 3 (base 10) in base 4?
3
Convert 26 (base 10) to base 2.
11010
120 (base 3) to base 8
17
Convert 0 (base 8) to base 5.
0
1e (base 15)